{"id":259,"date":"2018-06-26T09:20:10","date_gmt":"2018-06-26T12:20:10","guid":{"rendered":"http:\/\/cdhsp.com.br\/site\/?page_id=259"},"modified":"2018-06-26T09:21:16","modified_gmt":"2018-06-26T12:21:16","slug":"trabalhe-conosco","status":"publish","type":"page","link":"https:\/\/cdhsp.com.br\/site\/trabalhe-conosco\/","title":{"rendered":"Trabalhe Conosco"},"content":{"rendered":"<div role=\"form\" class=\"wpcf7\" id=\"wpcf7-f249-o1\" lang=\"pt-BR\" dir=\"ltr\">\n<div class=\"screen-reader-response\"><\/div>\n<form action=\"\/site\/wp-json\/wp\/v2\/pages\/259#wpcf7-f249-o1\" method=\"post\" class=\"wpcf7-form\" enctype=\"multipart\/form-data\" novalidate=\"novalidate\">\n<div style=\"display: none;\">\n<input type=\"hidden\" name=\"_wpcf7\" value=\"249\" \/>\n<input type=\"hidden\" name=\"_wpcf7_version\" value=\"5.0.1\" \/>\n<input type=\"hidden\" name=\"_wpcf7_locale\" value=\"pt_BR\" \/>\n<input type=\"hidden\" name=\"_wpcf7_unit_tag\" value=\"wpcf7-f249-o1\" \/>\n<input type=\"hidden\" name=\"_wpcf7_container_post\" value=\"0\" \/>\n<\/div>\n<p>Dados pessoais<br \/>\n<label> Seu nome (obrigat\u00f3rio)<br \/>\n    <span class=\"wpcf7-form-control-wrap your-name\"><input type=\"text\" name=\"your-name\" value=\"\" size=\"40\" class=\"wpcf7-form-control wpcf7-text wpcf7-validates-as-required\" aria-required=\"true\" aria-invalid=\"false\" \/><\/span> <\/label><\/p>\n<p><label> Data de Nascimento (obrigat\u00f3rio)<br \/>\n<span class=\"wpcf7-form-control-wrap text-559\"><input type=\"text\" name=\"text-559\" value=\"00\/00\/0000\" size=\"40\" class=\"wpcf7-form-control wpcf7-text wpcf7-validates-as-required\" aria-required=\"true\" aria-invalid=\"false\" \/><\/span><\/label><\/p>\n<p><label> Foto: ( at\u00e9 1MB nos formatos JPG ou JPEG )<br \/>\n<span class=\"wpcf7-form-control-wrap file-803\"><input type=\"file\" name=\"file-803\" size=\"40\" class=\"wpcf7-form-control wpcf7-file\" accept=\".jpg,.jpeg\" aria-invalid=\"false\" \/><\/span> <\/label><\/p>\n<p><label> Nome da m\u00e3e (obrigat\u00f3rio)<br \/>\n<span class=\"wpcf7-form-control-wrap text-76\"><input type=\"text\" name=\"text-76\" value=\"\" size=\"40\" class=\"wpcf7-form-control wpcf7-text wpcf7-validates-as-required\" aria-required=\"true\" aria-invalid=\"false\" \/><\/span><\/label><\/p>\n<p><label> Nome do pai (obrigat\u00f3rio)<br \/>\n<span class=\"wpcf7-form-control-wrap text-888\"><input type=\"text\" name=\"text-888\" value=\"\" size=\"40\" class=\"wpcf7-form-control wpcf7-text wpcf7-validates-as-required\" aria-required=\"true\" aria-invalid=\"false\" \/><\/span><\/label><\/p>\n<p><label>Grau de escolaridade (obrigat\u00f3rio)<br \/>\n<span class=\"wpcf7-form-control-wrap menu-11\"><select name=\"menu-11\" class=\"wpcf7-form-control wpcf7-select wpcf7-validates-as-required\" aria-required=\"true\" aria-invalid=\"false\"><option value=\"-- selecione --\">-- selecione --<\/option><option value=\"Ensino Fundamental Completo\">Ensino Fundamental Completo<\/option><option value=\"Ensino Fundamental (4\u00ba ano completo)\">Ensino Fundamental (4\u00ba ano completo)<\/option><option value=\"Ensino M\u00e9dio (2\u00ba grau) em Curso\">Ensino M\u00e9dio (2\u00ba grau) em Curso<\/option><option value=\"Ensino M\u00e9dio (2\u00ba grau) Completo\">Ensino M\u00e9dio (2\u00ba grau) Completo<\/option><option value=\"Ensino Superior em Curso\">Ensino Superior em Curso<\/option><option value=\"Ensino Superior Completo\">Ensino Superior Completo<\/option><option value=\"P\u00f3s-gradua\u00e7\u00e3o\">P\u00f3s-gradua\u00e7\u00e3o<\/option><\/select><\/span><\/label><\/p>\n<p><label> Inform\u00e1tica:(obrigat\u00f3rio)<br \/>\n<span class=\"wpcf7-form-control-wrap menu-462\"><select name=\"menu-462\" class=\"wpcf7-form-control wpcf7-select wpcf7-validates-as-required\" aria-required=\"true\" aria-invalid=\"false\"><option value=\"B\u00e1sica\">B\u00e1sica<\/option><option value=\"Intermediaria\">Intermediaria<\/option><option value=\"Completa\">Completa<\/option><\/select><\/span><\/label><\/p>\n<p><label> Outros cursos na \u00e1rea pretendida:<br \/>\n<span class=\"wpcf7-form-control-wrap text-66\"><input type=\"text\" name=\"text-66\" value=\"\" size=\"40\" class=\"wpcf7-form-control wpcf7-text\" aria-invalid=\"false\" \/><\/span><\/label><\/p>\n<p><label>\u00c1rea pretendida:(obrigat\u00f3rio)<br \/>\n<span class=\"wpcf7-form-control-wrap text-66\"><input type=\"text\" name=\"text-66\" value=\"\" size=\"40\" class=\"wpcf7-form-control wpcf7-text wpcf7-validates-as-required\" aria-required=\"true\" aria-invalid=\"false\" \/><\/span><\/label><\/p>\n<p><label>Estado civil:(obrigat\u00f3rio)<br \/>\n<span class=\"wpcf7-form-control-wrap text-311\"><input type=\"text\" name=\"text-311\" value=\"\" size=\"40\" class=\"wpcf7-form-control wpcf7-text wpcf7-validates-as-required\" aria-required=\"true\" aria-invalid=\"false\" \/><\/span><\/label><\/p>\n<p>Dados para contato<\/p>\n<p><label>Endere\u00e7o completo:(obrigat\u00f3rio)<br \/>\n<span class=\"wpcf7-form-control-wrap text-288\"><input type=\"text\" name=\"text-288\" value=\"\" size=\"40\" class=\"wpcf7-form-control wpcf7-text wpcf7-validates-as-required\" aria-required=\"true\" aria-invalid=\"false\" \/><\/span><\/label><\/p>\n<p><label>Cidade:(obrigat\u00f3rio)<br \/>\n<span class=\"wpcf7-form-control-wrap text-881\"><input type=\"text\" name=\"text-881\" value=\"\" size=\"40\" class=\"wpcf7-form-control wpcf7-text wpcf7-validates-as-required\" aria-required=\"true\" aria-invalid=\"false\" \/><\/span><\/label><\/p>\n<p><label>Estado:(obrigat\u00f3rio)<br \/>\n<span class=\"wpcf7-form-control-wrap text-942\"><input type=\"text\" name=\"text-942\" value=\"\" size=\"40\" class=\"wpcf7-form-control wpcf7-text wpcf7-validates-as-required\" aria-required=\"true\" aria-invalid=\"false\" \/><\/span><\/label><\/p>\n<p><label>Telefone\/Celular:(obrigat\u00f3rio)<br \/>\n<span class=\"wpcf7-form-control-wrap text-448\"><input type=\"text\" name=\"text-448\" value=\"\" size=\"40\" class=\"wpcf7-form-control wpcf7-text wpcf7-validates-as-required\" aria-required=\"true\" aria-invalid=\"false\" \/><\/span><\/label><\/p>\n<p><label> Seu e-mail (obrigat\u00f3rio)<br \/>\n    <span class=\"wpcf7-form-control-wrap your-email\"><input type=\"email\" name=\"your-email\" value=\"\" size=\"40\" class=\"wpcf7-form-control wpcf7-text wpcf7-email wpcf7-validates-as-required wpcf7-validates-as-email\" aria-required=\"true\" aria-invalid=\"false\" \/><\/span> <\/label><\/p>\n<p><label> Facebook<br \/>\n    <span class=\"wpcf7-form-control-wrap your-subject\"><input type=\"text\" name=\"your-subject\" value=\"\" size=\"40\" class=\"wpcf7-form-control wpcf7-text\" aria-invalid=\"false\" \/><\/span> <\/label><\/p>\n<p><label>Experi\u00eancias profissionais<br \/>\n<span class=\"wpcf7-form-control-wrap textarea-671\"><textarea name=\"textarea-671\" cols=\"40\" rows=\"10\" class=\"wpcf7-form-control wpcf7-textarea wpcf7-validates-as-required\" aria-required=\"true\" aria-invalid=\"false\"><\/textarea><\/span><\/label><\/p>\n<p><label> Sua mensagem<br \/>\n    <span class=\"wpcf7-form-control-wrap your-message\"><textarea name=\"your-message\" cols=\"40\" rows=\"10\" class=\"wpcf7-form-control wpcf7-textarea\" aria-invalid=\"false\"><\/textarea><\/span> <\/label><\/p>\n<p><input type=\"submit\" value=\"Enviar\" class=\"wpcf7-form-control wpcf7-submit\" \/><\/p>\n<div class=\"wpcf7-response-output wpcf7-display-none\"><\/div><\/form><\/div>\n","protected":false},"excerpt":{"rendered":"","protected":false},"author":1,"featured_media":0,"parent":0,"menu_order":0,"comment_status":"closed","ping_status":"closed","template":"","meta":{"footnotes":""},"class_list":["post-259","page","type-page","status-publish","hentry"],"_links":{"self":[{"href":"https:\/\/cdhsp.com.br\/site\/wp-json\/wp\/v2\/pages\/259","targetHints":{"allow":["GET"]}}],"collection":[{"href":"https:\/\/cdhsp.com.br\/site\/wp-json\/wp\/v2\/pages"}],"about":[{"href":"https:\/\/cdhsp.com.br\/site\/wp-json\/wp\/v2\/types\/page"}],"author":[{"embeddable":true,"href":"https:\/\/cdhsp.com.br\/site\/wp-json\/wp\/v2\/users\/1"}],"replies":[{"embeddable":true,"href":"https:\/\/cdhsp.com.br\/site\/wp-json\/wp\/v2\/comments?post=259"}],"version-history":[{"count":1,"href":"https:\/\/cdhsp.com.br\/site\/wp-json\/wp\/v2\/pages\/259\/revisions"}],"predecessor-version":[{"id":260,"href":"https:\/\/cdhsp.com.br\/site\/wp-json\/wp\/v2\/pages\/259\/revisions\/260"}],"wp:attachment":[{"href":"https:\/\/cdhsp.com.br\/site\/wp-json\/wp\/v2\/media?parent=259"}],"curies":[{"name":"wp","href":"https:\/\/api.w.org\/{rel}","templated":true}]}}